2*(-35)/(-28)*-2 is divided by 4?
2
Suppose 13*u - 2048 = -293. Calculate the remainder when u is divided by 5.
0
Let q = -15 - -26. Suppose 2*u - q = 75. Calculate the remainder when u is divided by 11.
10
Suppose -7 = -2*v - 101. Let h = v + 83. What is the remainder when 1*-1 + 6 + (5 - -61) is divided by h?
35
Suppose k = -3*r + 7, -2*k + 12 = -17*r + 22*r. What is the remainder when 44 is divided by k?
0
Suppose 0 = -5*t + 3*v + 9, -4 - 2 = -t + 2*v. Let s = 9 - t. What is the remainder when s is divided by 1/1 + 5/1?
3
Let r(d) = 5*d**3 - 2*d. Let g be r(-2). Suppose -x - 4*p = -35, -24 = 4*x - 4*p - 264. Let y = g + x. What is the remainder when 36 is divided by y?
17
Suppose -2*u + 144 = 5*z, -4*z + 135 = 9*u - 14*u. What is the remainder when 387 is divided by z?
27
Suppose -39*h + 5158 = -23546. Calculate the remainder when h is divided by 18.
16
Let h = 18 + -17. Suppose h = 3*j - 17. What is the remainder when -2*(-3)/(-12)*-44 is divided by j?
4
Let m = 1787 + -1070. Calculate the remainder when m is divided by 120.
117
Suppose 12 + 8 = 4*o, -2*i - 5*o = -45. Suppose 44 = -6*k + i*k. Calculate the remainder when 52 is divided by k.
8
Let a = 73 - 69. Suppose a = -4*g + 16. Calculate the remainder when g is divided by 2.
1
Suppose 3*i = 3, 5*p - 13 + 108 = -5*i. Let o = p - -36. Calculate the remainder when (0 + 0 - -2) + 28 is divided by o.
14
Suppose 4 = -3*y + 5*y. Suppose 0 = 3*i - 4*i + 4*z + 24, 0 = -y*i - 5*z + 61. What is the remainder when i is divided by 11?
6
Let w = -89 - -160. Suppose 0 = 5*a + 2*b - 188 - w, -3*b = -a + 62. Calculate the remainder when a is divided by 21.
11
Let f(g) = g - 8. Let n be 3*(6/(-9) + 0). Calculate the remainder when f(9) is divided by -1 - (-8)/(6 + n).
0
What is the remainder when 54 is divided by -1*(0 + (-5 - 0))?
4
Suppose 244 = 4*g + 4*b - 48, 3*g - 220 = -4*b. What is the remainder when g is divided by 38?
34
Let t = 11 - -5. Suppose r + 6 = t. Calculate the remainder when 49 is divided by r.
9
Let v be 3 - 3/(-2 + 5). Let a(z) = 7 + 7 - z**3 - 14 + v*z + 6*z**2. What is the remainder when a(3) is divided by 17?
16
Suppose 20*b = 9 + 571. Calculate the remainder when 167 is divided by b.
22
Let j(b) = -b**3 + 10*b**2 + b - 2. Let x be j(10). Let s(h) = -h + 15. Let z be s(x). What is the remainder when 29 is divided by 40/z + (-30)/(-105)?
5
Let t(z) = 38*z + 366. Calculate the remainder when t(27) is divided by 82.
80
Let f be (-2)/3 + 100/6. Let a = -11 + f. What is the remainder when (38/(-3))/(6/(-9)) is divided by a?
4
Let s(h) = -182*h**3 + 8*h**2 - 2*h - 3. What is the remainder when s(-1) is divided by 46?
5
Let k(p) = -11*p + 12 - 12. Let g be k(-2). Suppose 2*z + 4 = z + 2*o, 2*o = -2*z + g. What is the remainder when z is divided by 3?
0
Suppose -5*g + 4*c = -17, 100*g - 95*g + 5*c - 35 = 0. Calculate the remainder when 201 is divided by g.
1
Let d(z) be the third derivative of -z**6/120 - 11*z**5/60 - 5*z**4/24 + 2*z**3/3 + 32*z**2. Calculate the remainder when d(-11) is divided by 5.
4
Suppose -5*q - k + 184 = 0, 3*q - 5*k - 44 = 44. Calculate the remainder when 431 is divided by q.
35
Suppose 0 = -o + 4*o + 3*s - 18, -3*s + 8 = 2*o. Let l be (12/o)/(7/(-35)). What is the remainder when l/(-2) - -44 - 1 is divided by 8?
6
Suppose 4*q + 6 = 22. What is the remainder when ((-7)/21)/(2/(-66)) is divided by q?
3
Let m = -65 + 18. Let s = m + 87. What is the remainder when 239 is divided by s?
39
Let a(w) be the second derivative of -w**4/6 - 10*w**3/3 - 17*w**2/2 - 5*w. What is the remainder when 26 is divided by a(-8)?
11
Suppose 6*s - 2*s - 45 = -h, 0 = h + s - 45. Let c = 61 - 36. Calculate the remainder when h is divided by c.
20
Let v = 0 + 34. Calculate the remainder when v is divided by (-1)/(-2 + 1) - -9.
4
Suppose -5*r + 25 = -0*r. Suppose 0*n - r*n + 100 = 0. Suppose 3*w + 2*w + 3*a = 33, -w + 2*a + 4 = 0. Calculate the remainder when n is divided by w.
2
Suppose 22 = 3*p - 2*p. Let d = -975 - -1062. Calculate the remainder when d is divided by p.
21
Let g(w) = 7*w + 7. Let l be g(-2). Calculate the remainder when 607/6 - l/(-42) - -3 is divided by 15.
14
Let o = -311 - -526. Suppose -2*q = -7*q + o. What is the remainder when q is divided by 11?
10
Let c(t) = -t**3 - 12*t**2 + 14*t + 10. Let o be c(-13). Suppose -4*y + 31 = -25. Calculate the remainder when 4*(o - (-78)/8) is divided by y.
13
Let i be (-12)/(-10)*(-11)/((-66)/(-20)). What is the remainder when 135 is divided by -2 - -41 - (-3 + 0) - i?
43
Let f = -462 + 596. What is the remainder when f is divided by 44?
2
Suppose 24 = u - 7. Let c = -264 + 281. What is the remainder when u is divided by c?
14
Suppose 2*w + 28 = 3*l, -14*l + 11*l = 3*w - 3. Calculate the remainder when 124 is divided by l.
4
Suppose 4*d - 41 = -u + 5, 5*u - d - 188 = 0. What is the remainder when u is divided by 7 - 9/12*-4?
8
Suppose -y + 168 = h, -4*h - y = h - 828. Let n = h + -127. Suppose -5*c + 0 = -70. What is the remainder when n is divided by c?
10
Let d = 1614 - 1504. Let f(z) = 5*z**3 - 3*z**2 + z - 2. Calculate the remainder when d is divided by f(2).
26
What is the remainder when 57 is divided by 6/(-10 - -4) - -19?
3
Suppose -4*o = 3*n + 88, -3*o + 3*n - 49 = 38. Let m = o - -45. Calculate the remainder when 78 is divided by m.
18
Let i = -17 + 20. Let a(j) = -2*j + 16. What is the remainder when 19 is divided by a(i)?
9
Let w = 7 + 2. Let i = -4 + w. Let b = 79 + -77. Calculate the remainder when i is divided by b.
1
Let c = -48 + 10. Let a = -25 - c. Calculate the remainder when 0 - 1/(2/(-46)) is divided by a.
10
Let g = 29 - 29. What is the remainder when 74 is divided by (4 - g)*((-12)/(-16) - -3)?
14
Let g(m) = 2*m - 1. Suppose 6*w = 84 + 174. Calculate the remainder when w is divided by g(6).
10
Let c = 3 + 25. What is the remainder when (-14)/c - (-35)/2 is divided by 10?
7
Let l(a) = 2*a**3 - 62*a**2 + 58*a + 70. Calculate the remainder when 408 is divided by l(30).
8
Suppose 4*v - 24 = -2*v. Suppose 6*r - 10 = v*r. Calculate the remainder when r is divided by 3.
2
Suppose 0 = 5*z + 20, z = 14*g - 18*g + 324. Let y = -19 - -36. What is the remainder when g is divided by y?
14
Let s(j) = 14*j + 112. What is the remainder when 36 is divided by s(-7)?
8
Suppose -32 = -2*h - 2*x, 76 = 5*h - 12*x + 15*x. Calculate the remainder when 53 is divided by h.
11
Let s = -1783 - -2545. Suppose 2*u - s = -5*g, -g = -4*g - 4*u + 460. What is the remainder when g is divided by 39?
35
Suppose -4*s + 442 = 5*r, -92*r - 89 = -93*r - s. What is the remainder when r is divided by 17?
1
Let l be (-4 + -46)/(-4 - -2). Suppose l = -f - 3. Calculate the remainder when -3 - (-7)/(f/(-96)) is divided by 6.
3
Let h = 35 + -18. Let x(g) be the first derivative of g**3/3 - 8*g**2 - 7*g - 9. What is the remainder when 17 is divided by x(h)?
7
Calculate the remainder when 45 is divided by (-1 + (-2)/(-6))/((-5)/60).
5
Let x = -9 - -22. Let p(f) = 10*f + f**3 - 3*f - 13*f**2 + 1 - 2*f. Calculate the remainder when p(x) is divided by 23.
20
Let x = 105 + -72. Let q be 2/3 - 32/48 - -6. Let a(l) = l**3 - 6*l**2 + 17*l - 5. What is the remainder when a(q) is divided by x?
31
Let l be (4/(-10))/(16/(-40)). Let s(w) = -2 - 1 + 3*w - l - 4*w. What is the remainder when 2 is divided by s(-5)?
0
Let j(c) = -6*c**2 + 5 - c**3 + 0*c**3 - 8*c - 11. Calculate the remainder when 21 is divided by j(-5).
3
Let s = 1 - -3. Suppose -s*u + 43 = y, 2*y + 0*u - 31 = 3*u. Let r = 32 - 24. Calculate the remainder when y is divided by r.
7
Let n = 341 + -234. Suppose 0 = 2*f - 6*f - 54 + 162. What is the remainder when n is divided by f?
26
Let h be (4/(-6))/((-16)/5136). Let l = -119 + h. What is the remainder when l is divided by 24?
23
Calculate the remainder when 384 is divided by ((-8)/(-20))/(48/1080).
6
Let w(u) = 10*u + 2. Let y(z) = 2*z**2 + 1. Let v be y(0). Let i be w(v). Suppose c - i = -7. What is the remainder when 16 is divided by c?
1
Suppose 7 - 99 = -4*j. What is the remainder when 62 is divided by j?
16
Let a(j) = j**2 + 5*j - 12. Suppose 3*x = r + 26, -x - 3*x = -3*r - 38. Calculate the remainder when a(6) is divided by x.
6
Let g(b) = 2*b**2 + 12*b + 20. Calculate the remainder when g(-10) is divided by 21.
16
Let r = -638 + 645. Calcul